 a**3 - a - 6. Let y be j(0). Let l(r) be the third derivative of -r**5/60 - r**4/4 + 7*r**3/6 - r**2. What is the units digit of l(y)?
7
Suppose -4*o - 2*p + 1132 = 0, 0*p + 4 = -p. What is the units digit of o?
5
Let h be ((-42)/(-4))/((-2)/(-4)). Suppose -h = -0*k - 3*k. What is the units digit of k?
7
Suppose 0*k = f + 2*k - 43, -k = -3*f + 150. What is the units digit of f?
9
Suppose 2*p - 72 = -0*p. What is the units digit of (-1 - 0)/((-3)/p)?
2
Let p = 10 - -11. What is the tens digit of p?
2
Suppose 0*w + 3*w - 3*r = 162, -2*w + 90 = 4*r. What is the tens digit of w?
5
Let y = -27 - -65. Suppose 0*h - y = -3*n - 4*h, -44 = -5*n + 3*h. What is the units digit of n?
0
Let w(m) = 6. Let r(l) = l - 5. Let u(t) = 4*r(t) + 3*w(t). Let x be u(2). Suppose x*h = h + 20. What is the units digit of h?
4
Suppose -3*l + 3*v + 21 = 0, 5*l = v - 3 + 22. Let t be 18/10 + (-1)/(-11 - -6). Suppose -l*x = -t*x - 12. What is the tens digit of x?
1
Let l = 201 + -133. What is the units digit of l?
8
Let h(g) = 6*g + 16. What is the tens digit of h(11)?
8
Let l be (3/(-9))/(1/3). Let n(x) be the first derivative of 8*x**3/3 + x**2/2 - 3. What is the units digit of n(l)?
7
Suppose -3*c - 3*r + 245 = r, 0 = 3*r + 12. What is the units digit of c?
7
Suppose -3*j + 3*l + 2 = 2*l, 0 = 4*j - 2*l. Suppose -j*k + 64 = 2*k. What is the tens digit of k?
1
Let s(a) = -a + 2. Let h be s(2). Let c(g) = -g**2 + g + 3. What is the units digit of c(h)?
3
Let j = -2 - -7. Suppose -j*f = 10 + 110. What is the units digit of f/(-9)*6/2?
8
Suppose -8 + 0 = -4*o. Suppose -o*g + 37 - 9 = 0. What is the tens digit of g?
1
Suppose 2*n - 58 = -2*v - 0*n, 4*v - 108 = -2*n. What is the units digit of v?
5
Let c be (0 - 2) + 8/2. Suppose -a - 8 = -c*a. Suppose -3*b - b = -a. What is the units digit of b?
2
Let r(q) = 9*q - 9. What is the tens digit of r(7)?
5
Let i(v) = -v**2 + 11*v - 12. Let s be i(11). Let c = 3 - s. Suppose -f + t + c = 0, -2*f - 23 = -3*f + 5*t. What is the units digit of f?
3
Let r(d) = -d**3 - 2*d**2 + 89. What is the units digit of r(0)?
9
Suppose 55 = 2*n - 71. What is the units digit of n?
3
Let b(l) = -1. Let h(v) = -v - 1. Let m(s) = 5*b(s) - 2*h(s). What is the tens digit of m(7)?
1
Let u = 6 - 4. What is the tens digit of 28*(9/(-6) + u)?
1
Let v(o) be the third derivative of -3*o**4/8 + o**3/2 + o**2. What is the tens digit of v(-5)?
4
Let i(g) = 2*g**2 - 10*g - 18. What is the tens digit of i(10)?
8
Let y(p) = -5*p**2 + 3*p**3 + 9 + 0*p - 2*p**3 - 7*p. Let c be y(6). Suppose -3*g - 1 + 7 = c*i, -4*i = -4*g + 32. What is the units digit of g?
5
Let c be 1 - (-7)/(7/144). Suppose -5*m + c = -0*m. What is the tens digit of m?
2
Let k(i) = i**2 + 12*i - 14. What is the hundreds digit of k(7)?
1
Let c = -1 - -3. Suppose -c*q + 11 = 1. What is the units digit of q?
5
Let j be 0 + 3/(3 - 2). Suppose 5*q + 0 = 4*r - j, -4*q + 5*r = -3. Let k = q + 17. What is the units digit of k?
4
Suppose -3 - 3 = -4*b - 5*s, -4*b - 4*s = -4. Let t be 136/4 + (b - 0). Let k = -19 + t. What is the units digit of k?
4
Let q = -22 - -115. What is the tens digit of q?
9
Suppose 3*t + 2*t - 16 = 3*j, 2*j = 2*t - 4. Suppose s - 3*s + 26 = -j*u, -2*s + 24 = -2*u. What is the units digit of s?
0
Suppose 4*z - 350 = 266. What is the tens digit of z?
5
Let q(l) = 3*l - 8. What is the units digit of q(9)?
9
Let v be (-6)/4*(-3 - -1). Suppose 2*k - v*z = 8 + 12, -k - 12 = 4*z. What is the units digit of k?
4
Let u(m) = -m + 9. Let i be u(4). Suppose j = -2*c - 2, 0 = -i*c - j - 3*j - 11. Suppose 4*n - 5 = -v, -c = -0*n - n. What is the units digit of v?
1
Suppose -4*l = -263 - 49. What is the units digit of l?
8
Let w = 4 + -6. Let j = -2 - w. Suppose 27 = 3*p - p - c, p + 2*c - 16 = j. What is the units digit of p?
4
Let a = -8 - -5. What is the units digit of a*(-24)/9 + -2?
6
Suppose d - 5*d = -4. Suppose 0 = 5*a - d - 4. What is the units digit of a?
1
Suppose 0 = -6*b + 9*b - 15. Suppose 0*z + 5*z - 61 = -3*u, 0 = -4*z - b*u + 41. What is the tens digit of z?
1
Suppose -b - 5*b + 2298 = 0. What is the tens digit of b?
8
Let t = -48 - -95. What is the tens digit of t?
4
Suppose 5*q - 5*f + 7*f - 374 = 0, 4*f = 8. What is the units digit of q?
4
Let x = -19 + 21. Suppose x*g = f - 3*f + 40, -f = -5*g - 32. What is the units digit of f?
2
What is the units digit of 254 - ((-24)/20)/((-2)/5)?
1
Let l(j) be the first derivative of -j**3/3 + 13*j**2/2 - 16*j - 1. What is the units digit of l(11)?
6
Suppose -2*s + 8 = -3*p, -3*s + 0*p + 5*p + 12 = 0. Let d = 6 - s. Suppose 0 = d*m - 0*m - 6. What is the units digit of m?
3
Let d(y) = 6 + 6*y - y - 4*y + 5. What is the units digit of d(-9)?
2
What is the tens digit of 466/10 - 14/(-35) - 2?
4
Let n(h) be the first derivative of h**2/2 + 10*h - 1. Suppose f = -3*c - 8 - 0, 4*f + 32 = -c. What is the units digit of n(f)?
2
Suppose -s + 0*s + 5 = 0. Suppose s*v = 3*f + 43, 2*f - 5*v = 6*f - 1. Let t = f + 8. What is the units digit of t?
2
Let h(z) = 2*z - 3. Let s(d) = -d + 2. Let w(l) = 2*h(l) + 3*s(l). What is the units digit of w(1)?
1
Let q(p) = p**2 - 9*p + 10. Let h(s) = s**3 + s**2 - s. Let n be h(2). What is the tens digit of q(n)?
2
Let u be 8/(-12)*3*-1. What is the units digit of (-5 - -6)/(u/40)?
0
Suppose 0 = -5*a + 61 + 309. What is the tens digit of a?
7
Suppose -268 = -4*t + 148. What is the tens digit of t?
0
Suppose -h + 8 = -5*o + 1, 2*h - 5*o - 4 = 0. Let x be h + -1 + 1 + -1. Let g = x - -6. What is the units digit of g?
2
Let q(a) = a**2 + 3*a + 4. Suppose u + 6 = -u. Let p be q(u). Suppose -4 = p*x - 20. What is the units digit of x?
4
Suppose 0 = 2*z - 264 + 80. Suppose 20 + z = 4*s. What is the tens digit of s?
2
Suppose -4*l = -11 - 5. What is the tens digit of (2 + (-30)/l)*-2?
1
Suppose l - 2*n = 4, l - 5*n = -1 + 2. Suppose l*u - 96 = u - k, -55 = -3*u + 2*k. What is the units digit of u?
9
Suppose 8*x + 20 = 3*x. Let o = -5 - x. What is the tens digit of (o/(-2))/(2/48)?
1
What is the units digit of 1/(-1) + (1 - -6)?
6
Let w be 2/4*(1 + 19). Suppose -w = -z - 4*z. Suppose h - 23 = 5*u, 6*h - z*h - 26 = -2*u. What is the units digit of h?
8
Suppose 5 = -r - 2. Let o(v) = -2*v + 0*v + v. What is the units digit of o(r)?
7
Let t = 24 + -25. Let r(s) = s**2 + 13. Let k be r(0). What is the tens digit of -1*(2 - t - k)?
1
What is the units digit of ((-290)/3)/((-8)/12)?
5
Suppose 5*z = 76 + 39. What is the tens digit of z?
2
Let o(j) = -j**2 + 3*j - 1. Let z be o(2). Let q be 1/(27/24 - z). What is the units digit of (q/6)/(2/3)?
2
Let r = -3 - 18. Let y = r - -15. What is the units digit of (-3)/(-6)*-3*y?
9
Let h = 6 + 7. Suppose 5*d - 47 - h = 0. Let m = d - 8. What is the units digit of m?
4
Let d be (-1 - 2)*342/(-27). Let n = d + -25. What is the units digit of n?
3
Let p(b) = -5*b + 23. What is the units digit of p(-13)?
8
Suppose 5*j - 28 = 2*s - 109, 2*s = -4*j + 36. Let y = 11 + -7. Suppose -2*r = -b + y, -r = 3*b + r - s. What is the units digit of b?
8
Suppose -b + 147 = -17. What is the hundreds digit of b?
1
Suppose v = -y + 19, -4*y = 3*v - 64 + 10. What is the units digit of v?
2
Suppose 0 = -c - 3*u - 2*u - 11, 15 = 3*c + 3*u. Suppose -5*s - 3*n = -c, -2 - 4 = -s - 2*n. Suppose 0 = -3*v - s + 51. What is the units digit of v?
7
Let l be 2 + -105 + 0 + 3. Let q be l/(-6)*(-9)/(-6). Suppose v = -5*i + q, 0*i - 2*i = 3*v + 3. What is the units digit of i?
6
Let q be (2/(-4))/(-1)*18. Suppose -4*i + q = 1. What is the units digit of i?
2
Let s(w) = w + 7. Let r(z) = z + 8. Let q(g) = 4*r(g) - 5*s(g). Let h be q(-3). Suppose j - 4 - 2 = h. What is the units digit of j?
6
Let x = 307 - 183. What is the tens digit of x?
2
Let i(x) be the first derivative of x**2/2 - 2*x + 2. What is the units digit of i(3)?
1
Let j(m) = 0*m + 2*m - m + 3 - 4. What is the units digit of j(2)?
1
Let v = 34 + -13. Let h = -4 + v. What is the units digit of h?
7
What is the tens digit of (11/(-22))/((-1)/154)?
7
Let w(r) = -r**3 + 10*r**2 + 12*r - 10. Suppose 3*i - i = 22. Let l be w(i). Suppose -l = g - 14. What is the units digit of g?
3
Let h(x) = -3*x - 3. Let u(p) = 2*p + 1. Let l be u(-2). What is the units digit of h(l)?
6
Suppose -4*s + u = 4*u - 160, 0 = s - u - 40. What is the tens digit of s?
4
Let c(n) = -5*n*